8)/(-60)). Suppose 3*g - 5*g + 3*j = -83, 4*j + s = 0. What is the units digit of g?
7
What is the thousands digit of -13 - (-4)/(52/13403)?
1
Let b(y) = 2*y**2 - y - 3. Let h be (-2)/(((-21)/(-6))/(-7)). Let p be b(h). What is the units digit of p + -3 + (-2 - 0)?
0
Let u = -109 + 557. Suppose 2*m + 0*m - u = -2*s, -s - 1132 = -5*m. What is the units digit of m?
6
Suppose w + 5*x - 20 = 0, -5*w + 2*w + 32 = x. Let r(t) = -t + 5*t + 0*t - t + w. What is the tens digit of r(5)?
2
Let l = 16 + -16. Suppose l = d - 22. What is the units digit of d?
2
What is the units digit of 30/((-678)/114 - -6)?
0
Let m(p) = -33*p + 406. What is the units digit of m(-5)?
1
What is the hundreds digit of ((-4)/(-12))/((-3)/4581)*-1?
5
Suppose 221*b - 227*b = -11238. What is the units digit of b?
3
Suppose 3*t + 4*d = -534, 3*t + 2*t = 2*d - 916. Let l = 259 + t. What is the units digit of l?
7
Let y(h) = 55*h**2 - 4*h + 5. Let q be (3/15)/((-2)/(-10)). What is the units digit of y(q)?
6
Suppose 0 = 3*j - 856 - 416. What is the units digit of j?
4
Suppose -4*q = -3*o + 83, -2*q + q - 5*o + 8 = 0. Let s = -23 - 12. Let x = q - s. What is the tens digit of x?
1
Suppose 4*v = 3*w - 2*w - 1673, 4*w + v = 6675. What is the tens digit of w?
6
Let k(m) = 3*m**3 - m**2 + 3*m - 2. Let g be k(2). Suppose 4*v + g = z, -5*z + 167 = 2*v + 47. What is the tens digit of z?
2
Let k(x) be the second derivative of 3*x**3 + x**2/2 + 2*x. Let n be k(-1). What is the units digit of (-6)/(2 + 1) - n?
5
Let u = -122 + 124. Suppose u*a + 126 + 608 = 3*k, -3*k - a = -731. What is the units digit of k?
4
Suppose 0 = -5*k + 45 - 40. Let r = 205 + k. What is the hundreds digit of r?
2
Let o(g) = -g + 8. Let q be o(3). What is the hundreds digit of 1*296/10*q?
1
Let q(r) = -14*r**3 - 3*r**2 + r + 2. Let b be 5/(5/(-2))*1. What is the tens digit of q(b)?
0
Let u(f) = -1. Let c(p) = 59*p + 5. Let r(i) = -c(i) - 3*u(i). What is the tens digit of r(-1)?
5
Let x(v) = -4*v + 6. Let p be x(9). Suppose 0 = 5*k + 4*u - 48 + 11, -2*k - 2*u = -14. What is the units digit of (-1 - p/9)*k?
1
Suppose 0 = 4*i - 8*i - d - 127, 4*d + 79 = -3*i. Let q = -20 - i. What is the units digit of q?
3
Let u = 38 + 70. Suppose -s + u = s. What is the tens digit of s?
5
Let a = -1271 - -2211. What is the units digit of a?
0
Suppose -2*j + 2*b = -j + 165, -5*j - 800 = -5*b. What is the units digit of 3 - 1 - (j - 1)?
8
Let j = 114 + 42. Let s = 392 - j. What is the units digit of s?
6
What is the units digit of (780/91)/(0 + (-4)/(-406))?
0
Let k(h) = 7*h + 5. Let i = -17 - -24. Let r(z) = z**3 - 6*z**2 - 8*z + 10. Let n be r(i). What is the units digit of k(n)?
6
Let v be ((-208)/(-6) + -2)*-246. What is the tens digit of 4 + (-290)/75 + v/(-30)?
6
Let d(w) = -w**3 + w**2 - 2*w + 332. Let l be d(0). Suppose 0 = p - 3*a - 115, -p + 4*p + 4*a = l. What is the tens digit of p?
1
What is the units digit of 6/9 - (-16822)/39?
2
Let w(y) = y**3 + 15*y**2 - 23*y + 14. Let x be (-320)/24*(-6)/(-5). What is the tens digit of w(x)?
2
Let z(m) = m**2 - 7*m + 4. Let i be z(7). What is the units digit of (5/2)/(2/i)?
5
What is the hundreds digit of (-115)/(-138) - 57388/(-24)?
3
Suppose 2*i + i + 60 = 0. Let u = -61 + 28. Let y = i - u. What is the units digit of y?
3
Let o(n) = 768*n - 503. What is the hundreds digit of o(7)?
8
Suppose -14*o = -i - 10*o + 1121, 0 = -5*i + 5*o + 5575. What is the tens digit of i?
1
Let u = 2249 - 1456. What is the hundreds digit of u?
7
Let u = 6169 + -1898. What is the tens digit of u?
7
Let h be (18/(-3))/(-6) + (-1 - 33). Let d = 48 + h. What is the tens digit of d?
1
Let q be 28770/91 + 3*6/(-117). Suppose -s = 64 - q. What is the hundreds digit of s?
2
Let p(s) = -5*s + 3. Let h be p(0). Let x(t) = 104*t - 11. What is the hundreds digit of x(h)?
3
Let h(w) = 78*w + 4. Let i be h(-4). Let q be i/(-8) + 2/(-4). Suppose -5*j - 9 = -5*s - 64, -4*s - q = -3*j. What is the units digit of j?
6
Let n(s) = 120*s**3 - 7*s**2 + 21*s + 5. What is the hundreds digit of n(3)?
2
Suppose -46*k + 195776 = 10*k. What is the units digit of k?
6
Suppose 5*m = -5*d + 5680, -3*m + 4*m = -5*d + 5684. What is the tens digit of d?
3
What is the units digit of ((306/4)/9)/((-1)/(-108))?
8
Let c(w) = -2*w**3 - 4*w**2 - 8*w - 40. What is the tens digit of c(-7)?
0
Suppose -2*u + 7*t - 6*t + 213 = 0, 93 = u + 4*t. What is the hundreds digit of u?
1
Let y(z) = -6 + 3 + 0*z - 2*z**3 - 4*z - z**2. Let o be y(-2). Suppose -5*q + 5 = -0, 5*g - o = -2*q. What is the units digit of g?
3
Let h(y) = 2*y**2 + 1. Let k be h(-1). Suppose k*x + q - 87 = -2*q, 8 = 2*q. What is the tens digit of x?
2
Suppose -7 + 5 = 2*f. Let w be f/(38/10 + -4). What is the tens digit of w/10 - 129/(-6)?
2
Suppose 2*b - 2 = -4*n + 8, 3*b = 2*n - 1. Let l be (-22)/253 + 1033/(-23). What is the units digit of l/27*b*-15?
5
Let g be (-3)/(1 + (-16)/12). Let c(m) = 2*m**2 - 10*m - 9. What is the tens digit of c(g)?
6
Let w be (-7 - -8)/(2/10). Suppose 4*q + 76 = -3*h, 3*q + h - 28 = w*q. What is the tens digit of q/6*90/(-24)?
1
Let w = 26 - 22. Suppose 4*i + i = -n + 4, -2*i - 2 = w*n. What is the tens digit of 32 - (3 - (3 - i))?
3
Let q(t) = -15 + 19 + 16*t - 2 - 14. What is the tens digit of q(3)?
3
Let v = 4804 + -2731. What is the units digit of v?
3
Let m(i) = 153*i - 338. What is the tens digit of m(5)?
2
Let t = 110 + -155. Let c = -28 - t. What is the tens digit of c?
1
Let d(t) = 3*t**3 - t**2 + 8*t + 23. Let b be d(-5). Let a = b + 635. What is the hundreds digit of a?
2
Suppose -1532 = -10*n + 38. What is the tens digit of n?
5
Let c be 4/14 + (-1341)/63. Let u = 133 - c. What is the tens digit of u?
5
Let p(v) = -4*v**2. Let f be p(-1). What is the tens digit of f/(-6)*(3 + 126)?
8
Let h(l) = -167*l - 141. What is the hundreds digit of h(-20)?
1
Suppose y - 3*y + 8 = 0. Suppose 0 = -0*w - y*w + 160. What is the units digit of w?
0
Let k = 41 - -6. Let q = 159 - k. What is the tens digit of q?
1
Let g be 18*3/(-4)*4. Suppose -5*w = 166 + 269. Let v = g - w. What is the units digit of v?
3
Let g(x) = 2*x**2 - 6*x - 12. Let z(w) = w**2 - 3*w - 6. Let v(m) = -6*g(m) + 14*z(m). What is the tens digit of v(-5)?
6
Suppose 4*h + a = 3092, -3*h - h + 2*a = -3080. What is the hundreds digit of h?
7
Let h(i) = 22*i**2 - 7 + 9*i - 3*i - 23*i**2 + 6*i. What is the units digit of h(10)?
3
Let h(x) = 2*x + 68. Let q be h(-36). Let z(o) be the first derivative of 2*o**3/3 - o**2/2 + 4*o - 2. What is the units digit of z(q)?
0
Let p = -860 - -3783. What is the thousands digit of p?
2
Let g(j) = 18*j. Let d be g(-1). Let x = -17 - d. What is the units digit of x - (3 + (-80)/4)?
8
Suppose 3*h - 6*h + 222 = 5*w, 5*h = -2*w + 104. What is the hundreds digit of w/(-189) - (-1 + (-2704)/18)?
1
Suppose n + 4*n = 4*a + 97, -3*a - 94 = -5*n. Let u = n - 8. Let f = -4 + u. What is the units digit of f?
5
Suppose 8*h + 4 = 7*h. Let u be -3 + (6 - 3) - h. What is the units digit of (((-336)/4)/u)/(-1)?
1
Suppose -4*z - 5*l = -9*z + 15, 4*l = -2*z. Suppose z = -v, 2*r + 6 = 4*r - 3*v. Suppose n - 26 - 24 = r. What is the tens digit of n?
5
Let u(d) = -d**2 + 5*d - 8. Let f be u(7). Let l be (-2604)/(-77) - 4/f. Let r = -13 + l. What is the units digit of r?
1
Suppose -8*k + 11*k = 3*m, 16 = 4*k. What is the units digit of m?
4
Suppose d - 33 = 4*d. Let x = -13 - d. What is the tens digit of (x + 0)/((-4)/24)?
1
What is the tens digit of 267 + ((-72)/(-3))/(-6)?
6
Let u be 20/(-5) + (1 - -21). Let j = u + -15. Suppose -52 - 89 = -5*p - j*t, 0 = p + 2*t - 24. What is the units digit of p?
0
Let p be 2*((-213)/6 + 0)*-1. Let d = p - -22. What is the tens digit of d?
9
Suppose 5*b + 2594 - 23639 = 0. What is the units digit of b?
9
Suppose -2*l + 2*v + 3920 = 0, -2*l + 1956 = -l - 5*v. What is the thousands digit of l?
1
Let c be (-1488)/32*(-4)/(-2). Let n = c + 54. Let l = 97 + n. What is the tens digit of l?
5
What is the hundreds digit of (329 + -1)/((-2)/(-5))?
8
Suppose -5*p = j - 9011, p - j - 1699 = 108. What is the units digit of p?
3
Suppose a = 3*o - 5*o + 1643, -5*o - a = -4106. What is the units digit of o?
1
Let u(n) = 14 + 23 + n**3 - 3*n**2 - 10*n - 6*n**2 - 12. What is the units digit of u(10)?
5
Suppose -1 = 2*l - 23. Suppose 300 = -6*o + l*o. What is 